9 - ((0 - 1 - -12) + -13)
-15
Calculate (-4 - (-9 + 17 + -19)) + 7 + 1.
15
Evaluate -17 - (-1 + -1 + (-4 - 1) - -1).
-11
Evaluate 13 - (31 + -13 + 0 - 23).
18
What is the value of -5 + 0 + (4 - -4)?
3
What is the value of 3 - (-15 + 7 - -10 - -3)?
-2
What is the value of (-3 - -8) + -17 + 5 + (-15 - -10)?
-12
Evaluate -28 + -2 - ((-3 - 9) + (10 - -3)).
-31
What is 37 + (13 - 28) - 22?
0
What is the value of 5 - 4 - 6 - -27?
22
What is the value of (-28 - -6) + (26 - -1)?
5
What is the value of 36 - 36 - (-29 - (3 - 1))?
31
39 - ((19 - (14 - -2)) + 6)
30
Calculate 77 - (4 + 67) - (12 + 0).
-6
What is the value of 0 + 0 + 22 + -88 + (-174 - -258)?
18
What is (-2 - -26) + -19 + 7?
12
Calculate -4 - (-15 - -35 - 12).
-12
What is the value of -4 + (24 - (-6 + 7))?
19
Calculate -6 - (-9 + 12) - (-2 - 0).
-7
What is the value of -13 + (1 - 4) + (4 - 1)?
-13
What is the value of -7 + (7 - (12 - 7))?
-5
Evaluate -46 + 33 + -3 + 9 + -7.
-14
2 - -3 - (6 - (-8 + 16))
7
What is -17 + 15 + -6 + -6 + (3 - 4)?
-15
(-836 - -776) + -1 + 36
-25
Calculate 4 + -6 + 2 + -2 + -3 + -6.
-11
What is the value of -19 + (-1 - (-12 - -2 - (-7 - -3)))?
-14
What is the value of 6 + -11 + (-99 - -130)?
26
Calculate (-1 - (8 - 19 - 4)) + -41.
-27
What is 2 + (-5 - -2) - (26 - (59 - 33))?
-1
Calculate -2 - -3 - (3 + (5 - 4) + 1).
-4
What is -47 + -13 + 36 - -3?
-21
(3 - 12) + -3 + 20
8
Calculate -1 - (14 - (5 - -5) - (-1 + -3)).
-9
Calculate -19 + 12 + 15 + (-5 - 15).
-12
(15 + -11 - (6 + -4)) + -11 + 0
-9
Calculate 4 + (14 - 2 - (29 - 24)).
11
What is the value of -10 - -3 - -5 - (8 - 1 - 7)?
-2
What is the value of -3 - -5 - (43 - 57)?
16
-1 - (-2 + (-6 - -11) - -1) - 4
-9
What is the value of (-1 - -10 - 0) + -11 - -1?
-1
What is 6 - (0 + -4 + 16 + -22 + 14)?
2
20 - -7 - (-16 + 65)
-22
Calculate -410 + 398 + (8 - 0).
-4
(1 - 0) + (-3 - -1) - (59 + -53)
-7
Evaluate (32 - 26) + 20 - 7.
19
What is the value of 42 + -40 - (2 + (1 - 3 - -5))?
-3
Evaluate (-10 - 0) + 9 + (-41 - -32).
-10
What is the value of (-17 - 1) + 2 + 4 + 9?
-3
What is the value of 16 + (9 - 15) + -11?
-1
Calculate -902 + 913 - (-1 + 29).
-17
What is (-7 + 2 - -3) + (3 - (-7 - -14))?
-6
-10 + (-28 - 2) + 26
-14
What is -1396 - -1376 - (-1 + -39)?
20
What is -1 + -1 - (2 - 1) - (2 - 23)?
18
What is -44 + 39 - (-3 - 3 - -1)?
0
What is 1 + -9 + (-9 + -12 - -19)?
-10
What is (1 + -1 - 2 - -2) + -11 + 16?
5
What is the value of (-24 - -35) + 2 + (0 - -4)?
17
Evaluate -11 - (-1 - 6 - ((-5 - -2) + 4)).
-3
(20 - (-14 - -47) - -32) + 5
24
Calculate -2 - (0 + (-5 - -8) + -3).
-2
Evaluate -2 + (-3 - (2 + -27)) + -2 + 0.
18
3 + (-1 + -4 + -1 - -5)
2
Calculate (0 - 17) + (41 + -21 - 10) + 23.
16
What is (29 - 27) + -3 - -23?
22
Evaluate (0 - 5) + -4 - 7 - -9.
-7
What is 11 + -6 + (-4 - (-11 + 6))?
6
What is the value of (89 - 88) + (4 - -8 - 0)?
13
Calculate -4 + -3 + 5 - (-1 - -2 - 4).
1
What is the value of (-20 - (0 + -6 - (-23 - -22))) + 6?
-9
-5 + (3 - (-7 + -2)) + 1 + 12
20
Calculate (-10 - (-8 - 1)) + (2 - (0 + 0)).
1
Calculate (25 - 7 - 3) + 5.
20
7 - (3 + -3 - 11) - 2
16
Evaluate 0 + 20 + (3 - 17).
6
Calculate -1 + 2 - -1 - (4 - (3 + -2)).
-1
What is 16 - (2 + 7 - -2) - (-1 + 1)?
5
-12 - (-8 + -9 + 13)
-8
What is (2 - (-11 + 2)) + (-95 - (-189 - -79))?
26
Calculate -17 + -2 + (-375 - -402).
8
Calculate 31 + 0 + -6 + (39 - 59).
5
Calculate 15 + (14 + (5 - 17) - -13).
30
15 + (-43 - (12 + -19)) - -12
-9
-28 + 44 + -8 - (2 - 0)
6
What is 12 + 9 + (-9 - -3) + -12 + -19?
-16
What is the value of 12 - (8 - 0) - -3 - -1?
8
1 + -12 + 24 + -12 - -2
3
-136 + 153 - (6 + (3 - 2))
10
What is 3 + (-3 + (3 - -1) - (1 - 0))?
3
What is the value of 18 + -20 - 22 - -16?
-8
Evaluate -1 + 12 + 4 + -23.
-8
(-27 - -8) + -6 + 6 + -1
-20
What is the value of 0 + 17 + -8 - 4 - 7?
-2
What is -14 + (-4 - ((14 - 9) + (-11 - 2)))?
-10
1 - -30 - (-241 + 236) - 10
26
Calculate -29 - (-30 + 10 + 13 + -5).
-17
Calculate -1 + -4 + 2 - -3 - (8 + -4).
-4
Evaluate 3 + 20 + (-42 - -6).
-13
Evaluate (33 + -26 - -4) + 0 + -36.
-25
Calculate (6 - (17 - (-10 + 21))) + 12.
12
Calculate 1 + (38 + -27 - (3 + 20)).
-11
Evaluate -11 - (3 - (-6 + 9 + 3) - -9).
-17
(-28 + 66 - 50) + (1 - 1)
-12
What is 11 + -31 + 23 + -8 - -38?
33
Evaluate -6 + 12 - 11 - (-28 - -31).
-8
What is the value of 13 + (-2 + -6 - -11 - (1 + -9))?
24
-1 + -5 + -9 + (-2 + 1 - 1)
-17
Calculate -1 + 10 + -2 + -1 - (502 + -474).
-22
(99 - 41) + -7 + -20
31
Evaluate (28 - 34) + (-42 - 2) + 20.
-30
What is the value of (-6 + -3 - -3) + 5 + -5?
-6
What is the value of 20 - (10 + -23 - -64)?
-31
-16 - -12 - (0 - 1 - (53 - 58))
-8
Evaluate -4 - -7 - -11 - 11 - (0 + 20).
-17
Evaluate 4 + 25 - 16 - 3.
10
What is 5 + (1 - -2) + -17 + (38 - 23)?
6
5 + (5 - -5) + -27 + 18
6
What is -15 + (7 - ((-14 - -9) + 1))?
-4
Calculate (3 - -1) + (-9 - (20 + -22)).
-3
What is the value of 14 + -1 - (-150 - -163)?
0
Calculate 41 + -23 + 13 + -10 + 17.
38
Calculate 0 + -7 + -8 + 2 + -6 + 13.
-6
What is the value of 50 - 30 - 18 - -14?
16
Evaluate -4 + (0 - -3) + -114 + 109.
-6
What is -5 + (9 - 2) + 4 - 2?
4
-72 - -66 - (2 + -10) - 11
-9
What is the value of 88 - 94 - (-7 + -5 + 0)?
6
1133 + -1086 + (-39 - 1)
7
(-12 - (57 - 35)) + (0 - 1)
-35
What is the value of 22 + -32 + 28 + -36?
-18
What is (98 - 93) + -2 + -1 - (1 + -5)?
6
Evaluate -11 - (10 - 6 - (2 - -36) - 0).
23
Calculate 6 + (-13 + 0 + 13 - (1 - 2)).
7
Calculate 16 - ((-2 - -13) + -2).
7
Calculate -5 - (51 - 25 - 42).
11
-2 - -3 - 3 - -5 - (6 + -3)
0
What is -18 - (-6 + (1 - (-7 + -1 + 6)))?
-15
(-25 - 2) + 0 - (-24 + 12 - -8)
-23
Calculate 8 - (14 - (-7 + -5) - -3).
-21
What is the value of 20 + (-30 - (-21 - -14))?
-3
What is (-35 - -4) + (-20 - -79)?
28
-20 - -43 - (1 - 17)
39
What is the value of (12 - -5) + -7 + -4 - (1 + -6)?
11
0 - (-1 + (-30 - -17) + (0 - -6))
8
Evaluate -9 + 33 + (0 - -4) + -79 + 73.
22
1 + -1 + (44 - 43)
1
Calculate -11 + 0 - (93 + -113).
9
-13 + (-12 - -28) + -1
2
-57 + 42 + -4 - (-2 - 3)
-14
-23 - (-2 - 0) - (9 + 28 + -39)
-19
Calculate (-44 - -52) + (-2 - 16) + -7.
-17
7 + (26 - 10 - 3) + -1 + 0
19
Evaluate 12 + -14 + -16 + 23.
5
What is 8 + 13 + -20 + -1 + 1 - 5?
-4
What is -3 + (-2 - -2) + -3 - (59 - 67)?
2
0 + -26 - (-18 + 10 + -5)
-13
What is the value of (7 - -2) + (-1 - (14 - 8) - 0)?
2
Evaluate -7 + (-4 - -9) + (8 - (0 - -4)).
2
What is the value of 6 + (-27 + (39 - 14) - (0 + 0))?
4
What is 3 - 0 - (-3 + (-2 - 2) - -10)?
0
What is (8 - (-10 + 15 + 26)) + 4?
-19
What is (19 + (-5 - 9) - 19) + -14?
-28
2 + -1 - (-170 + 172)
-1
-4 + 4 + 11 + (1 - -1 - 8)
5
What is 15 + -16 + -14 + 2?
-13
Evaluate 5 - 2 - (-22 + 55 - 24).
-6
Evaluate -3 - (0 - 3 - (42 + -36)).
6
5 - 13 - (-6 + 4)
-6
Evaluate (58 - 55) + (3 + 1 - (0 - 0)).
7
Evaluate (-9 - -6) + (0 - -18).
15
Evaluate (3 + -1 - (3 + 2)) + (-9 - 9).
-21
Evaluate (-14 + 5 - -16) + (1 - 13).
-5
What is the value of (-4 - -16) + (12 - (4 - -11))?
9
(-15 - -2) + 1 + -3 + -1
-16
Calculate (-1 - -5 - 9) + (66 - 65) + 18.
14
(-8 - -17) + (5 - 14) + 10
10
What is the value of -6 + -2 + 3 + 7 + -6 + 5?
1
Calculate 20 + (-20 - -20) - (2 - -3).
15
What is the value of (-2 - 0) + 9 + -1 - (20 - 20)?
6
What is the value of 5 - (-2 - (1 + -16)) - 2?
-10
What is (-15 - (-4 + 6 + -14)) + 1 + -18?
-20
Evaluate 9 - (20 + -26 + (-2 - -8) + 2).
7
What is (-16 - -2) + -44 + 43 + -7?
-22
What is the value of 9 + 0 - (-129 - -152)?
-14
(25 - 46 - -8) + (-1 - -10)
-4
Calculate -32 - (-17 + -19 + 14).
-10
Evaluate -8 + 0 + (-2 - -1) - (810 - 828).
9
What is 7 + -23 + -29 + 29?
-16
Calculate (-12 - -2) + -3 + 13 + 10.
10
What is the value of -1 + (-8 - (-2 + 0)) - -15?
8
What is the value of 3 + -1 - (-3 + 14 - 3)?
-6
Evaluate 23 - 5 - 32 - 0.
-14
Calculate (-127 - -126) + 12 + 0 + -1.
10
-18 + (7 - 11 - 0)
-22
What is (-8 - (-7 - -5) - -1) + -5?
-10
-14 + 15 - (9 + -1 - -4)
-11
What is -21 + 5 + -5 + -6 + 16?
-11
What is 10 - ((-5 - -11) + (6 - 10) + -3)?
11
8 + 4 - ((15 - 20) + 8)
9
What is the value of (4 - 3) + -3 + (-2 - 2)?
-6
What is (-10 - (8 + -7) - -8) + 6?
3
(-1 - 8) + 117 + -121
-13
Evaluate 47 - 55 - (-16 - (-2 - -2)).
8
(22 - 3 - 0) + -12 + 4
11
What is the value of 19 + -6 + -7 + -3 + -5 + 19?
17
Evaluate 12 + (-10 - (15 - 34)) + (0 - 2).
19
Calculate 22 + -10 + -13 + 7.
6
-